 -r. What is the remainder when 8 is divided by s?
3
Suppose 3*f - 2 + 1 = 2*v, 0 = 3*f - 15. Calculate the remainder when 12 is divided by v.
5
Suppose -8 = -0*o - 2*o. Suppose o*m = -5*s + 129, m = -3*m - 16. Calculate the remainder when s is divided by 10.
9
Let w = 15 + 32. Calculate the remainder when w is divided by 12.
11
Let z(o) = o**3 - 3*o**2 + 3*o + 3. Let d be z(3). Let w = 14 - d. Suppose m = 2*m - 5. Calculate the remainder when m is divided by w.
1
Suppose 5 = -3*m + 2. Let x be -1 - 39/(m*3). Calculate the remainder when 381/x - (-1)/4 is divided by 17.
15
Suppose -2*z - 3 = -17. Suppose -5*x = -3*v + 61, 3*v - x - 1 = 76. What is the remainder when v is divided by z?
6
Suppose 0 = 5*r - 16 + 6. Calculate the remainder when 19 is divided by (r - 1)/((-4)/(-20)).
4
Suppose -3*m + 4*a - 127 = 0, -4*m = -3*m + 4*a + 53. Suppose -x - 6 = -4. Calculate the remainder when 6*(m/(-6) - x) is divided by 15.
12
Suppose -2*r - 15 + 59 = 0. Calculate the remainder when r is divided by 8.
6
Let w(m) = 2*m**2 + 1. Let r be w(2). Suppose -d - r = -4*d. Calculate the remainder when 10 is divided by d.
1
Let f = -3 - -12. Let n be f/3*(-56)/6. What is the remainder when (n/(-5))/(2/10) is divided by 10?
8
Suppose -33 = 2*l - 219. Calculate the remainder when l is divided by 16.
13
Let g(q) = q**2 - 6*q + 4. Suppose -4*s + 17 = -19. Calculate the remainder when g(s) is divided by 11.
9
Suppose 0 = 5*x + x - 228. What is the remainder when x is divided by 8?
6
Suppose 4*q + 8 + 0 = 0. Let c = -2 - q. Suppose -4*x + 2 = -2*j - 3*j, 2*x - 3*j = c. What is the remainder when 4 is divided by x?
1
Suppose 4*o + 15 = 3*o. Let n be 0/(-1) - (-1 + o). Suppose 2*c = 0, 4*f - c - n = -2*c. What is the remainder when f is divided by 2?
0
Suppose l + 3*l = 12. Calculate the remainder when 9 is divided by l.
0
Suppose 5*a - 45 = -0*a. Calculate the remainder when 17 is divided by a.
8
Suppose 35 + 5 = -4*o. Let r be (o/15)/(2/(-3)). What is the remainder when 23 is divided by (-3 + -1)/(r/(-2))?
7
Let h = 29 - 21. Suppose 4 - 81 = -2*v + 5*t, 2*v + t - 95 = 0. What is the remainder when v is divided by h?
6
What is the remainder when (-66)/9*(-27)/6 is divided by 17?
16
Suppose -4*t + 8 = -12. Let g = t - 1. Suppose 2*a = 14 - g. What is the remainder when 13 is divided by a?
3
Suppose 164 = 4*x - 68. What is the remainder when x is divided by 12?
10
Let g(w) = 5*w + 3. Suppose 4 = -4*r - 0. Let f(t) = 6*t**2 - 2*t - 1. Let x be f(r). What is the remainder when g(x) is divided by 20?
18
What is the remainder when 30 is divided by (-23)/(-2) - (3/6)/(-1)?
6
Suppose 0 = -3*m + 1 + 8. Suppose 3*d - 2 = -m*s + 19, -2*d + 14 = -4*s. What is the remainder when d is divided by 5?
2
Suppose -5*l - 119 = -4*y, 6 = -4*l - 6. What is the remainder when y is divided by 14?
12
Suppose 0 = -g - 4*g - 5, 3*g - 237 = -5*q. Calculate the remainder when q is divided by 5.
3
Let j(a) = 12*a**2 - a + 2. Let t be j(-2). Let b = t + -14. Let y = b + -23. Calculate the remainder when 29 is divided by y.
14
Suppose -2*y - 6 = -0. Calculate the remainder when 23 is divided by -2 + 13 - y/(-1).
7
Suppose -4 = 4*c + g + 3*g, -4*g - 31 = -5*c. Let j be (18 + 1)*(4 - c). Let n = 29 - j. What is the remainder when 19 is divided by n?
9
What is the remainder when 61 is divided by 1*(-5 - 3)*-2*2?
29
Suppose -3*a - 4 = 2. What is the remainder when 82 is divided by ((-8)/8)/(a/42)?
19
Let t = 34 - -6. What is the remainder when t is divided by 7?
5
Let t(p) = p + 1. Let a be t(-5). Suppose 5*d - 5*z - 14 - 166 = 0, 0 = -z + 1. Calculate the remainder when d is divided by 6/a - 82/(-4).
18
Let s(v) = 8*v**2 - v. Let o(w) = -w**3 + 3*w**2 + 4*w - 1. Let b be o(4). Calculate the remainder when 33 is divided by s(b).
6
Let w be -3 + 0 + 12/4. Suppose 2*x - x - 13 = w. Calculate the remainder when x is divided by 8.
5
Let t = 21 + -10. Calculate the remainder when t is divided by 6.
5
Suppose -3*n + 25 + 11 = 0. Calculate the remainder when 47 is divided by n.
11
Let s = -1 - -7. Suppose -3*w = 3*v - s, -5*w - v = -0*w - 10. Calculate the remainder when w is divided by 1.
0
Suppose -4*i = -7 - 5. Calculate the remainder when 0 + i + 23 + -1 is divided by 14.
11
Let h = 10 - 10. Suppose h*y + 3*y = -5*x + 12, 5*y - 3*x - 54 = 0. Calculate the remainder when 26 is divided by y.
8
Let p be (-2)/(-2*(-3)/(-15)). Suppose p*j - 18 = -3*y, -y = -6*y + 2*j + 61. Let h = y + -2. What is the remainder when 26 is divided by h?
8
Let t be 18/(-8) + (-2)/(-8). Let v be (t + -2)*(-3)/4. Suppose l = q - 14, q - v*l = -4*q + 80. Calculate the remainder when q is divided by 10.
9
Suppose 5*h - 3*y - 11 = 0, 0 = -0*h - 3*h - 3*y + 21. Suppose -n - l = h*n - 141, n = -5*l + 33. What is the remainder when n is divided by (10/(-4))/(2/(-8))?
8
Let o = -4 + 4. Suppose 5*k - 3*v - 21 = o, 3*k - v - 7 = 8. Suppose -u - 80 = -k*u. What is the remainder when 46 is divided by u?
14
Let g(l) = l**3 - 6*l**2 + 7*l - 15. Calculate the remainder when g(6) is divided by 17.
10
Let h(y) = -5*y + 0*y - 4*y - 2*y**2 + 6 + 4*y**2. What is the remainder when h(7) is divided by 21?
20
Suppose 3*x + 2*q = 141, 62 + 103 = 4*x - 5*q. Suppose -2*t - t = -x. Calculate the remainder when 29 is divided by t.
14
Calculate the remainder when -5 + 2 + 50 - 0 is divided by 17.
13
Let o(b) = 3*b + 3. Let h be o(3). What is the remainder when 4 is divided by (-15)/(-6)*h/10?
1
Suppose -16 + 0 = -a + 3*f, -5*f - 4 = 4*a. Let h be 6/24 + 15/a. Let b = 6 - h. What is the remainder when 4 is divided by b?
0
Let p = 35 - 21. What is the remainder when 41 is divided by p?
13
Let o(b) = -2*b - 2. Let a be o(-2). Suppose -j = -c - 74, 91 = -5*j - a*c + 440. What is the remainder when j is divided by 18?
17
Let d be 2*((-3)/2 + 2). Let h(w) = 0 + 0 + 0*w + 11*w + d. What is the remainder when 34 is divided by h(1)?
10
Let b = 61 + 8. Calculate the remainder when b is divided by 18.
15
Suppose 3*x - 74 + 17 = 0. Suppose 3*y + 10 = -26. What is the remainder when x is divided by (-80)/y + 2/6?
5
Suppose 0 = 4*i - 12 - 24. Let x(f) = f**2 - 8. Calculate the remainder when x(-5) is divided by i.
8
Suppose 2*b - 2 = 2. Let h be (-14)/(-4) - 9/6. Suppose 3*n + 5*z - 45 = -h*n, -37 = -5*n - 3*z. Calculate the remainder when n is divided by b.
1
Suppose 2*f - f + 5*a = -9, 5*f - 2*a - 63 = 0. What is the remainder when 54 is divided by f?
10
Let d(k) = k + 6. Let a be d(-4). Let f(o) = 6*o**2 - o - 1. Suppose 0 = -4*t + i + 23, -i = 6*t - t - 31. What is the remainder when f(a) is divided by t?
3
Let y(l) = l**2 - l + 1. What is the remainder when 3 is divided by y(0)?
0
Suppose c - 5*l = 14 + 87, 3*l + 243 = 3*c. What is the remainder when c is divided by 39?
37
Let v be -4 + (-9*3)/(-3). Let d = 16 - v. Suppose -3*l = -36 - 60. Calculate the remainder when l is divided by d.
10
Let u(f) = f + 23. Let c(o) = -o**2 + 5*o + 6. Let t be c(6). What is the remainder when u(t) is divided by (39/9 + -3)*6?
7
Let o be (-744)/(-4) + 0/(-1). What is the remainder when 37 is divided by o/14 - 4/14?
11
Let m be 2/(-4) - (-4)/(-8). Let t = m + 3. Calculate the remainder when 6 is divided by t.
0
Suppose -4*q - j - 93 = -277, -5*q + 231 = j. Calculate the remainder when 140 is divided by q.
46
Suppose 3*s - 102 = 66. Suppose -10*u = -8*u - s. Let k = 14 + 1. Calculate the remainder when u is divided by k.
13
Calculate the remainder when ((-16)/3)/(24/(-324)) is divided by 25.
22
Let q(k) = 12*k - 5. What is the remainder when 67 is divided by q(2)?
10
Let b = -1 - -10. Let z(o) = 2*o**3 + o - 1. Calculate the remainder when z(2) is divided by b.
8
Let w = 4 - 0. Suppose -4*d - w*j = -36, 9*d - 4*d + 3*j - 53 = 0. Calculate the remainder when 51 is divided by d.
12
Let g(c) = c**2 + 4*c + 4. Let q be g(-3). What is the remainder when 47 is divided by 2/1 + 14*q?
15
Let v be (0 + 2 + -2)/1. Suppose v = 3*a + a + 4, 2*n - 17 = -a. Let l(u) = u**3 - 11*u**2 + 2*u + 3. What is the remainder when l(11) is divided by n?
7
Let n(l) = -5*l + 2. Calculate the remainder when (-2 + (3 - -2))*11 is divided by n(-2).
9
Suppose 2*l + 3 = 2*r + 7, 3*r - 5*l - 2 = 0. Let t = -8 - -14. Calculate the remainder when (2/r)/(2/(-66)) is divided by t.
5
Let p(l) = l**2 - 6*l + 11. Let x(j) =